562 = -g. What is the tens digit of s?
6
Let v be ((-7)/2)/(3/474). Let h = v - -830. What is the hundreds digit of h?
2
Let b(n) be the third derivative of 0 - 30*n**2 - 1/2*n**3 - 7/24*n**4 - 1/120*n**6 + 0*n + 1/5*n**5. What is the units digit of b(10)?
7
Suppose -8*r + 423 = -121. Suppose 0 = 2*k - 6*k - 2*l - 292, 2*l - r = k. Let o = -53 - k. What is the tens digit of o?
1
Suppose -3*y + 16548 + 633 = 0. What is the units digit of y?
7
Let j(m) = m**2 + 14*m - 18. Let v be j(-14). Let w = 106 + v. What is the tens digit of w?
8
Let a be (66/18)/((-831)/(-414) + -2). Let v = 886 - a. What is the tens digit of v?
8
Suppose -12*g + 17 + 7 = 0. Let c = -44 + 45. What is the tens digit of (-116 - c)*2/(-12)*g?
3
Suppose 8*f + l + 34 = 10*f, 0 = -f - 4*l + 8. Suppose -f*a + 3958 = -2202. What is the tens digit of a?
8
Let l(s) = 4*s + 39. Let x be l(-10). Let k(c) = -451*c - 16. What is the tens digit of k(x)?
3
Suppose -142384 = -3*b - 2*y, 328 = -7*y + 384. What is the ten thousands digit of b?
4
Suppose -m - 4*m - 2000 = -3*h, -5*h + 3304 = -m. Suppose -5*y - 4*n = -16, 0 = 3*y - 6*y - 3*n + 9. Suppose -y*f = f - h. What is the units digit of f?
2
Suppose 4*h + 10*n - 6*n = 1664, -2*n - 419 = -h. Let j = h - 323. What is the units digit of j?
4
Let u = -237 - -255. Suppose -w + 973 = 4*j, -13*j = -u*j - 3*w + 1225. What is the hundreds digit of j?
2
Let t(n) = n**2. Let z be t(2). Suppose -4*s + 2*s + z*x - 340 = 0, 4*s + 680 = -3*x. Let p = s - -260. What is the units digit of p?
0
Suppose 3*x - 14 + 5 = 0. Let c(d) be the third derivative of 13*d**5/60 - d**4/8 - d**3/6 - 2*d**2 - 30. What is the units digit of c(x)?
7
Let o(q) = q**3 + 45*q**2 + 93*q - 50. What is the ten thousands digit of o(-28)?
1
What is the ten thousands digit of (-301225)/(-15)*162/54?
6
Let l(h) = 526*h**2 + 2*h - 3. Let m be l(1). Suppose 7*o - 105 + m = 0. Let r = 145 + o. What is the units digit of r?
5
Suppose b + 0*m - 5*m = 6018, 0 = -2*b - 4*m + 12050. What is the tens digit of b?
2
Suppose 8*f = 10*f + 4*g + 1656, -2434 = 3*f - 4*g. Let k = -464 - f. What is the units digit of k?
4
Suppose 0 = -9*o + 15*o - 738. Suppose -2*z = -o - 413. What is the units digit of z?
8
Suppose 0 = 52*b - 45*b - 119. Let c(l) be the third derivative of l**4/3 + 3*l**3/2 - 19*l**2. What is the tens digit of c(b)?
4
Let x(n) = 20*n - 162. Let u be x(10). Suppose 3*b + 140 = 5*b. Let j = b + u. What is the hundreds digit of j?
1
Let v(l) = l**2 + 9*l + 8. Let x be v(-8). Suppose x = 2*y - 2*w - 158, 404 = 36*y - 31*y - 2*w. What is the units digit of y?
2
Let f = -7384 + 10589. Suppose 5804 = 11*u - f. What is the tens digit of u/49 - (-4)/14?
1
Let v(f) = 53*f**2 + 6*f - 4. Let s(d) = -52*d**2 - 6*d + 4. Let j(a) = 3*s(a) + 4*v(a). Let m be j(2). Suppose -66 + m = 2*o. What is the tens digit of o?
8
Suppose -4*d + 11 + 1 = 3*r, -5*r = -2*d - 20. Suppose -5*f - 4*i = -2381, r*f = -3*i + 389 + 1515. What is the units digit of f?
3
Let j(h) = -1431*h + 3271. What is the tens digit of j(-42)?
7
Let z(i) = -i**3 + 14*i**2 + 12*i + 49. Let a be z(15). Suppose 551 = k + a*f, 0 = -2*k - 0*k - 5*f + 1087. What is the hundreds digit of k?
5
Let r = 1 - -6. Let q = 188 - 188. Suppose q = -r*m + m + 90. What is the tens digit of m?
1
Suppose -28*u - 126 = -49*u. Suppose -4*m = u*m - 14900. What is the units digit of m?
0
Let v be ((-15)/(-2))/3*2 - -264. Let m = v + -233. What is the units digit of m?
6
Let o(d) = -28*d**2 + 11*d**2 + 148 - 69*d + 6*d**2 + 14*d**2 + 19*d. What is the hundreds digit of o(33)?
7
Suppose -6*m + 4*m - 2*h = 42, 0 = h - 3. What is the hundreds digit of (-560)/m*66/5 + 3?
3
Let u(d) = 44*d + 29. Let y be u(11). Suppose -k - 8*k = -y. Suppose -6*w = -2*w + 4*a - 228, -k = -w - 5*a. What is the tens digit of w?
5
What is the hundreds digit of (-7)/(7/(-1012)) - (80 - 80)?
0
Suppose 5*n + 545 = 45. Suppose 2*t + 9 + 105 = 0. Let j = t - n. What is the units digit of j?
3
Let a(s) = 83*s**2 - 87*s + 430. What is the tens digit of a(22)?
8
Let l(t) = 2*t**2 + 17*t - 11. Let o(s) = -s**3 + 13*s**2 - 13*s. Let z be o(12). Let c be l(z). Let x = c + 131. What is the tens digit of x?
0
Let g be 537/3*(2 + -3). Let z = g + 461. What is the units digit of z?
2
Let a(o) = o**3 + 32*o**2 - 28*o + 65. Let k be a(-26). Suppose 4*s - k = r, -9*s = -4*s + 4*r - 6056. What is the thousands digit of s?
1
Let p be ((0 - 6) + -20425)*-1. Suppose 0 = 17*j + 6185 - p. What is the tens digit of j?
3
Suppose -3*w - 1409 = 2*m - 27584, -3*m - 26205 = -3*w. What is the tens digit of w?
2
What is the tens digit of (-5)/(-4) - (23857/6)/(462/(-2079))?
9
Let o be (-22)/5 + 4 + 64/10. Suppose 4*s + o*a = 2*a + 184, 2*a + 244 = 5*s. Suppose -4*m - s + 171 = l, m - 246 = -2*l. What is the hundreds digit of l?
1
Suppose i + 4*n = 744, -5*i = -0*i - 4*n - 3696. What is the hundreds digit of 3/6*6 + -16 + i?
7
Suppose -16*f = -12*f - 1000. Suppose q - 207 = o + 52, f = q - 4*o. What is the units digit of q?
2
What is the hundreds digit of ((-130)/39)/((16/(-1044))/2)?
4
Let m(v) = 950*v**2 + 56*v - 110. What is the tens digit of m(2)?
0
Let c(z) = 11 + 216*z - 9 - 6. What is the tens digit of c(5)?
7
Suppose 12*l = 14*l - 24. Suppose -h + 3*h = -3*n - 12, -h = -3*n - l. Suppose 0 = -h*c + c - 129. What is the tens digit of c?
2
Let g(n) = -13*n**3 - n**2 + n - 13. Let z be g(3). Let r = z + 698. What is the tens digit of r?
2
Let q(t) = t - 8. Suppose 2*k + d - 2*d = 15, 75 = 5*k + 5*d. Let s be q(k). Suppose 0 = -s*w + 5*w - 63. What is the tens digit of w?
2
Suppose 24676 + 5177 = 31*y. What is the tens digit of y?
6
Let o = -94 + 99. Let b(p) = p**3 - 6*p**2 + 5*p - 12. Let u be b(o). What is the tens digit of -3*(-2 - (-644)/u)?
6
Suppose -d = 2, 8*g + 2*d + 24380 = 12*g. What is the units digit of g?
4
Let p(o) be the second derivative of 43*o**4/12 - 23*o**3/3 + 225*o**2/2 + 4*o + 3. What is the units digit of p(6)?
7
Let l(k) = k**3 + 10*k**2 + k + 15. Let p = 164 - 174. What is the units digit of l(p)?
5
Suppose 3*o + 15*j = 17*j + 27782, 3*o + j - 27779 = 0. What is the hundreds digit of o?
2
Let t(z) = -z. Let u be t(-5). Suppose -u*g = -2*g - 9. Suppose -286 = -0*c - 4*c + g*v, -2*v = -4. What is the tens digit of c?
7
Suppose -14*o + 3609 + 5743 = 0. What is the units digit of o?
8
Let y be (-250)/(-21) - 4*(-7)/294. Let x = 371 + y. What is the tens digit of x?
8
Suppose 36*t - 41*t = 4945. Let d = -454 - t. What is the hundreds digit of d?
5
What is the hundreds digit of (12540/(-150))/(1/(-5))?
4
Suppose 34*q = 1182 + 450. Suppose 4140 = -33*p + q*p. What is the tens digit of p?
7
Suppose 5*r - 3 - 12 = 0. Let w(f) = 11*f**2 - 11*f**r - 10 + 12*f**3 + 5*f - f**2. What is the units digit of w(-8)?
8
Let q be 6/(-4)*28/(-63)*3831. Let g = q - 1532. What is the thousands digit of g?
1
Let x = -6814 - -6842. Let v = -1234 + 1897. What is the hundreds digit of 7/x - v/(-4)?
1
Let r = 14241 - 5028. What is the units digit of r?
3
Let b(a) = -a**2 + 15*a - 18. Suppose 6*z - 63 = 177. Suppose -10 = 3*x - z. What is the tens digit of b(x)?
3
Suppose 0 = -0*z - 7*z - 3269. Let c = -124 - z. Suppose c = 5*b - 142. What is the units digit of b?
7
Let s(h) be the first derivative of -h**3/3 - 19*h**2/2 - 26*h - 7. Let b be s(-18). What is the tens digit of (-4)/b + 441/6?
7
Let f = 36326 + -25220. What is the hundreds digit of f?
1
Suppose -4*z + 16252 - 5712 = 0. Suppose -5*a + 1261 + 1374 = -l, l - z = -5*a. What is the units digit of a?
7
Suppose 0*t + 95 = 3*t + 4*i, 2*i = t - 15. Let q = 33 - t. Suppose 3*n - n = 4*r + 10, -2*n + 5*r + q = 0. What is the units digit of n?
9
Let a = -2761 + 2616. Suppose 2*o + 55 = -o + y, 0 = -5*o + 5*y - 75. Let k = o - a. What is the units digit of k?
5
Suppose 163*b - 127766 = 40450. What is the tens digit of b?
3
Suppose -11248 = -f - 4*j, 0 = 4*f + 3*j - 68768 + 23776. What is the thousands digit of f?
1
Let r(t) = -t**3 + 9*t**2 + 9*t - 29. Suppose -2*s = 4*n - 6, 3*s = 2*s + 4*n + 21. Let k be r(s). Let b = 115 - k. What is the units digit of b?
3
Let c = -20602 + 32636. What is the tens digit of c?
3
Suppose -5*g + 5388 = -3*d, 28*d + 2*g = 33*d + 8961. Let c = d + 3183. What is the tens digit of c?
9
Let r(o) = -22*o**3 + 4*o**2 - 12*o - 7. L